4)*-9 is divided by 36?
12
Let v be 13/39 - 16/(-6). Suppose 0 = -v*d - 9 + 30. Let h(i) = -i + 12. What is the remainder when 17 is divided by h(d)?
2
Let x(y) = -6*y + 138. Let r(g) = -g - 1. Let v(h) = -5*r(h) + x(h). Let a be v(0). Let m = a - 62. Calculate the remainder when m is divided by 21.
18
Suppose -5*s - 5*n = -2830, -2*n - 3307 = -5*s - 463. Calculate the remainder when s is divided by 144.
136
Let v = -24 + 29. Suppose -5*s + 14 = 3*h, 0*h + 5*h - v*s = 90. What is the remainder when 167 is divided by h?
11
Let c = -200 - -231. Calculate the remainder when 89 is divided by c.
27
Suppose 3*k - 48 = -p, 2*p = 4*k + 86 - 0. What is the remainder when p is divided by 19?
7
Let n be (0/(-3) + 0)/3. Suppose n*b + 108 = -2*b. Let y = -10 - b. What is the remainder when y is divided by 15?
14
Suppose -5*t + 5*i = -230, 4*t + 10*i - 5*i = 202. What is the remainder when t is divided by 12*1 - (-3 + 2)?
9
Calculate the remainder when 121 is divided by -32*(44/4)/(-11).
25
Suppose 6*f = 2*f + 212. Suppose 2*n + 4 = 0, 17 = p - 2*n - 14. What is the remainder when f is divided by p?
26
Let k(f) = -f**3 - 5*f**2 - 5*f - 13. Calculate the remainder when k(-6) is divided by 31.
22
Let a(n) be the third derivative of 3*n**4/8 - 10*n**3/3 + 14*n**2. What is the remainder when a(7) is divided by 11?
10
Let h = -90 - -151. Calculate the remainder when h is divided by 32.
29
What is the remainder when 108 is divided by (-1 - (-16)/(-12))*(7 - 13)?
10
Let l = 64 + -62. Calculate the remainder when 40 is divided by 21*(-1)/(-2)*l.
19
Suppose p + 3*y = 8*y + 832, -3*p = -y - 2552. Calculate the remainder when p is divided by 19.
16
Suppose -2*k + 64 = r, r = -5*k + 124 + 30. Calculate the remainder when 52 is divided by k.
22
Suppose 2*y = -5*v + 54, 3*y - 5*y + 4 = 0. Let f(x) = -x - 54. Let d be f(-21). Calculate the remainder when 158/4 + -7 + d/(-6) is divided by v.
8
Suppose 0 = 50*m - 4521 - 11429. What is the remainder when m is divided by 5?
4
Suppose -2*j + 76 = 2*s, 8*s - 2*j - 140 = 4*s. Calculate the remainder when s is divided by 5/(-20) + 82/8.
6
Let b = -21 + 30. Suppose 5*t = 4*v - 20, 4 = -3*t - 8. Suppose 3*i - 91 = -2*r - 2*r, v = -3*i + 4*r + 59. What is the remainder when i is divided by b?
7
Let k = -630 - -773. Calculate the remainder when k is divided by 39.
26
Let t = 705 - 631. Calculate the remainder when 440 is divided by t.
70
Let h be (3 + -7 - -3)*19. Let u = h - -24. Let y = 5 - 1. Calculate the remainder when u is divided by y.
1
Suppose -5*c - z - 2*z = 23, -4*z = -5*c - 16. Let u = c - -19. What is the remainder when u is divided by 6?
3
Suppose 5*b + 5 = -2*o + 191, 4*b + 3*o = 153. Suppose -2*z = 9*m - 12*m - 206, -3*z - 3*m = -324. What is the remainder when z is divided by b?
34
Let s(k) = 9*k + 49. Calculate the remainder when 4/(-16) - 615/(-12) is divided by s(-4).
12
Let z be (1 - 3/3)/(-1). Suppose z = -4*w, 2*u - 4*w = -w + 2. Calculate the remainder when 1 is divided by u.
0
Suppose -r - 6*r - 539 = 0. Let g = -56 - r. What is the remainder when 81 is divided by g?
18
Suppose 3*d + 4 = 4*d + 4*m, -d - 5*m + 5 = 0. Suppose d = -f + 7 - 6. Let x(o) = 23*o + 2. Calculate the remainder when x(f) is divided by 14.
11
Let z be (8/(-32))/((-3)/60). Suppose 15 = z*g, 8*g - 48 = -b + 3*g. Calculate the remainder when 130 is divided by b.
31
Let l = 35 - 12. Suppose 5*r + 66 = -v - 9, -2*r = -3*v + 30. Let c = r + l. Calculate the remainder when 30 is divided by c.
6
Let o = 27 + -14. Let l = o + 19. What is the remainder when l is divided by 18?
14
Let m = 941 - 812. What is the remainder when m is divided by 59?
11
Let j(r) = r**3 + 6*r**2 + 3*r - 7. Let p be j(-5). Suppose p*k = 9*k - 12. Calculate the remainder when 2 is divided by k.
0
Suppose 47 = 2*c + 41. Suppose -5*b + 6 = -c*v + 2*v, 5*b = 10. What is the remainder when 8 is divided by v?
0
Suppose 148*b = 154*b - 696. Calculate the remainder when b is divided by 12.
8
Let y(f) = 8*f + 256. What is the remainder when 122 is divided by y(-28)?
26
Suppose -22*k = -18*k + 5*r - 321, k + 5*r = 99. What is the remainder when k is divided by (-1 + 11)*(3 - 1)?
14
Calculate the remainder when 541 is divided by (-49)/(-7)*6 - 0.
37
Suppose -5*v + 27 = 2. Suppose 0*i - 5*i = -b - 207, -2*b - 204 = -v*i. Calculate the remainder when 27 is divided by (-60)/i*(-7 + 0).
7
Let c(m) be the third derivative of 37*m**5/60 + 5*m**4/24 - 2*m**3/3 - 35*m**2. What is the remainder when c(1) is divided by 22?
16
Let p(a) = -5*a + 78. Calculate the remainder when p(11) is divided by 7.
2
Let i = 2167 + -836. Calculate the remainder when i/22 - (-3)/(-2) is divided by 16.
11
Let z be 3*(-1)/(-3) - 0. Calculate the remainder when 2/(-2)*(-105 + 1 + z) is divided by 21.
19
Suppose 74 = 2*a - a - 2*c, -5*c - 290 = -4*a. Suppose 0 = -8*h + a + 282. What is the remainder when 263 is divided by h?
43
Let c(t) = t**2 - t. Let k(l) = -2*l**2 + 6*l + 2. Let n(b) = 3*c(b) + k(b). What is the remainder when 7 is divided by n(0)?
1
What is the remainder when 133 is divided by (72/(-60))/((-6)/300)?
13
Let y(g) = g + 272. What is the remainder when y(6) is divided by 83?
29
Suppose -40 = -d - 3*d. What is the remainder when 49 is divided by 114/d - (1 + (-12)/20)?
5
Calculate the remainder when 15356/48 - 43/(-516) is divided by 23.
21
Suppose 12 = 4*b - 0*v - 3*v, 0 = -4*b - 4*v + 12. Suppose -3*s - n + 1 = -0, 3*s + 9 = -b*n. What is the remainder when -17*4/(-8)*s is divided by 10?
7
Suppose 4*c + l - 2 = 15, -3*l = -5*c. Let w = 78 - c. Let f = 28 - 15. What is the remainder when w is divided by f?
10
Suppose -175 = -3*p - 2*m, 0 = -m - 2*m + 6. Let a = p - 6. What is the remainder when 150 is divided by a?
48
Suppose 3*z + y - 4*y = 111, 5*z = -y + 197. Let q be 0 - (-2 - -3)*-3. Suppose z = q*u + 9. What is the remainder when 35 is divided by u?
5
Let c(u) = u**3 - 11*u**2 + 6*u + 3. What is the remainder when 344 is divided by c(11)?
68
Let a = 87 + -129. Let o = a - -112. What is the remainder when o is divided by 24?
22
Suppose 13*f = -10 + 244. What is the remainder when ((-1)/3)/((-1)/267) is divided by f?
17
Let g = -1152 + 1223. Suppose 2 = 5*p - 38. Calculate the remainder when g is divided by p.
7
Suppose j = -2*f + 38, 51*j + 42 = 52*j + f. What is the remainder when 65 is divided by j?
19
Let f = 155 + -103. What is the remainder when 152 is divided by f?
48
Calculate the remainder when 26 is divided by 2/(-2*(-4 - (-23)/6)).
2
Suppose 26*v - 4590 = 8*v. What is the remainder when v is divided by 16?
15
Suppose -170 = -7*q + 2*q. Let f(t) = 3*t - 12. What is the remainder when q is divided by f(8)?
10
Suppose 0*t + 2*t - 455 = -5*k, 2*t - 277 = -3*k. Calculate the remainder when k is divided by 7.
5
Suppose 0 = 4*w + 3*a + 1 + 6, -a = 3*w - 1. Suppose -91 = -3*v - p, 6*v - 3*p = w*v + 104. What is the remainder when v is divided by 5?
4
Calculate the remainder when 2112/(-8)*(-10)/15 is divided by 18.
14
Suppose 3*i + 2*t + 3*t - 1 = 0, 2*t = -i. What is the remainder when ((-69)/(-9))/(i/6) is divided by 12?
11
Suppose -17*v + 42 = -15*v. Let d(z) = -z**3 + z**2 + 82. Let l be (-3)/(-15) + (-2)/10. What is the remainder when d(l) is divided by v?
19
Suppose 2*u - 854 - 234 = 0. Suppose 6*n = -10*n + u. What is the remainder when 131 is divided by n?
29
Let z(d) = -d**3 - 2*d**2 + 7*d + 5. Let v be z(-4). Calculate the remainder when 3 is divided by 2/v - 25/(-9).
0
What is the remainder when 67 is divided by (-276)/(-27) + 4/(-18)?
7
What is the remainder when 117 is divided by 19 - (2/(-6) - (-44)/6)?
9
Let j(r) = 10*r - 7. Let u be j(9). Suppose 3*d - 43 = u. What is the remainder when d is divided by 11?
9
Let u = -69 - -71. Suppose 4*q - 2*h = h + 25, -40 = -3*q - 2*h. Calculate the remainder when q is divided by (-4)/2 + (u - -6).
4
Suppose 5*n - 15 = 0, -4*t - 164 = 4*n - 564. What is the remainder when 278 is divided by t?
84
Let j(y) = 3*y**2 - y - 2. Let k be j(-1). Suppose i + 25 = k*i. Calculate the remainder when i is divided by 15.
10
Suppose 3*q + 8 + 7 = 0. What is the remainder when (2 - (-14)/q)/(1/(-10)) is divided by (-27)/(-5) - (-4)/(-10)?
3
Let f(t) = t**2 - 21*t + 105. Suppose -5 = -y + 9. Calculate the remainder when f(18) is divided by y.
9
Let 